digit of t(l)?
1
Let a = 6 + -5. Let i(z) = 4*z**3. Let k be i(a). Suppose c + 7 = f - 1, -3*f - k*c = -59. What is the tens digit of f?
1
Let z = 6 + -5. Let b(v) = 24*v**2 + 1. Let f be b(z). Let x = 44 - f. What is the tens digit of x?
1
Suppose 7*x - 3*x - 6 = -5*b, -2*b + 8 = -4*x. Suppose 0 = -b*v - 36 + 208. Suppose f - v = -2*z, 1 - 5 = -2*f. What is the units digit of z?
2
Let x(f) = 515*f**3 - f**2 - f + 2. Let v be x(2). Suppose -42*z = -30*z - v. What is the tens digit of z?
4
Let v(k) = -4*k + 12. Let w be v(-8). Let f = w + 55. What is the units digit of f?
9
Suppose -952 = -3*m - 352. Suppose 3*t = 7*t - 5*n - m, 0 = -4*t + 2*n + 188. What is the tens digit of (t/(-10))/(-9)*66?
3
Let f be 17 + (1 - 5) + -3. Let l(s) = s + 10. Let a be l(f). Suppose -2*d - a = -3*d. What is the units digit of d?
0
Let c(m) = 21 - 5 + m + 6 - m**2 + 14. Suppose 0*z = 2*z. What is the tens digit of c(z)?
3
Let s = 1 + 1. Suppose p - 6 = s*p. What is the tens digit of (p/10)/((-9)/765)?
5
Let s = -34 + 30. Let b = 90 + s. What is the units digit of b?
6
Let c(i) = 3*i + 17. Let d be c(-4). Suppose 152 = d*x - 603. What is the hundreds digit of x?
1
What is the tens digit of (-91)/(-130)*-5 + (-7158)/(-4)?
8
Suppose -8310 = 16*l - 1382. Let f = 652 + l. What is the hundreds digit of f?
2
Suppose -99 + 612 = l. What is the hundreds digit of l?
5
Let v(k) be the second derivative of -1/20*k**5 + 2/3*k**3 + 1/4*k**4 + 0*k**2 + 0 + 6*k. What is the tens digit of v(3)?
1
Let r(t) be the first derivative of -t**3/3 - 8*t**2 + 6*t - 5. Suppose -5*o = 2*i + 75, -5*o + 3*i - i - 55 = 0. What is the units digit of r(o)?
5
Let p(d) = 70*d**2 - 46*d + 425. What is the hundreds digit of p(8)?
5
Let y(v) = 10*v + 52. Let u be y(-5). Suppose 262 - 12 = u*h. What is the units digit of h?
5
Let q = 18 - 33. Let m = 69 - q. What is the tens digit of m?
8
Let w = 773 + -496. What is the tens digit of w?
7
Let k be (-3)/((-1)/16*-6). Let a = k - -32. Suppose 3*w - 2*w - a = 0. What is the tens digit of w?
2
Let q = 1110 + 737. What is the tens digit of q?
4
Let t(q) = -6 - q**3 + 133*q**2 - 139*q**2 + 0*q**3 + 12*q. What is the tens digit of t(-9)?
2
Let k = -13 + 16. Suppose 33 = 3*p - 3*x, 0 = -3*p + p + k*x + 22. Let i = 17 - p. What is the units digit of i?
6
Let q(t) = 12*t**3 - t**2 - 4*t + 5. What is the tens digit of q(2)?
8
Suppose 1541 = -5*g + 6*g - 5*t, 3082 = 2*g + 2*t. What is the tens digit of g?
4
Suppose 2*m + 5*d = 59, -d + 109 = 3*m + m. Let x = m + 86. What is the units digit of x?
3
Let x(t) = -2*t**2 + 3*t - 1. Let a be x(4). Let h be 6/a - (-2696)/28. Suppose -3*q - h = -4*k, 0 = -0*q - 2*q. What is the units digit of k?
4
Let y be (84/(-36))/((-2)/6). Suppose 2*c - 6 = -3*a, -c = -2*a + 3*a - 2. Suppose 24 = n + 5*d, 5*d = a*n - 40 + y. What is the tens digit of n?
1
Suppose 14 - 16 = b. What is the tens digit of (b - ((-57)/9 - -4))*186?
6
Let c(p) = -17 + 10*p + 22 - p. What is the units digit of c(14)?
1
Let t(o) = -1 - 12*o + 0*o - 4 - 1. Let c be t(-4). Suppose n = 3*n - c. What is the tens digit of n?
2
Let i(y) be the first derivative of -y**2/2 + 11*y + 2. Let n be i(8). Let j = 6 - n. What is the units digit of j?
3
Let k = 3983 - 1935. What is the hundreds digit of k?
0
Suppose -14 = 2*j - 4*j. Let h be (j + 3 + -5)*1. Suppose 83 = 2*c - 2*t - 1, 134 = 3*c - h*t. What is the tens digit of c?
3
What is the units digit of (-17)/(-34)*(-1 - -367)?
3
What is the hundreds digit of 421 + -2*(-6)/(-3)?
4
Let m = -20 - -13. Let f be -1 - 1 - (m + 5). Suppose -4*c - c + 225 = f. What is the units digit of c?
5
Let k(y) = -8*y + 47. Suppose 0 = -3*g - 34 - 47. What is the tens digit of k(g)?
6
Let z = 8 - 6. Let m be (-60)/(-80) + 242/8. Suppose -z*t + 73 = m. What is the tens digit of t?
2
Let o be (-3 - ((-27)/(-3))/(-3))/(-2). Suppose f - 44 - 49 = o. What is the tens digit of f?
9
Let d = -530 + 1101. What is the units digit of d?
1
Suppose -6*y + 480 = -y. What is the hundreds digit of 3 + y + -4*(-1)/2?
1
Let d be 2/7 + 288/(-126). What is the tens digit of 3*(98/6 - d)?
5
Suppose 255 = 9*c - 1941. What is the hundreds digit of c?
2
Let h be 3/((-2)/(2080/(-12))). Suppose 3*f - 258 = p - 4*p, -3*f + h = p. What is the tens digit of f?
8
Suppose -3055 = -12*d + 4961. What is the tens digit of d?
6
Let a be ((-1911)/(-15))/(-13) + (-4)/(-5). Suppose -8 = 2*c + 4. Let t = c - a. What is the units digit of t?
3
Suppose 2*y - 196 = 312. Suppose 21 + y = 5*s. What is the tens digit of s?
5
Suppose 0 = -4*q - v + 1496, -3*q + 3*v = -7*q + 1496. What is the hundreds digit of q?
3
Let c(x) = x**2 - 13*x + 15. Let q be c(8). Let h = -15 - q. What is the units digit of h?
0
Let g(t) = -7*t + 130. What is the hundreds digit of g(-24)?
2
What is the hundreds digit of ((-3)/(-2))/(219/206152)?
4
Let z(t) = t**3 + 4*t**2 - 3*t - 3. Let s be z(2). Suppose -260 = 2*q - s*q. What is the tens digit of q?
2
Suppose 7*g + 360 - 4637 = 0. What is the hundreds digit of g?
6
Suppose 4*r - 37 - 43 = 0. Suppose -16*p + r*p - 884 = 0. What is the units digit of p?
1
What is the hundreds digit of (((-32460)/25)/(-6))/(4/50)?
7
Let g(s) = 2*s**3 - 16*s**2 - s + 37. Let h be g(11). Suppose 8*v + 583 = 3*o + 4*v, h = 4*o + v. What is the units digit of o?
9
Let v = 10208 + -4542. What is the thousands digit of v?
5
Suppose -3*f - 6 + 3 = 0. What is the units digit of (-3)/(f - 0) + 29?
2
Let k be 12/8*(-30)/(-9). Suppose -48 = 4*f - k*f. What is the units digit of f?
8
Let z(h) be the second derivative of -h**5/20 + h**4/12 + h**3/3 - 43*h**2/2 - 2*h. Let g be z(0). Let p = 86 + g. What is the units digit of p?
3
Suppose 8 = 3*k + 2. Suppose 12 = 5*s + k*v - 479, -103 = -s + 2*v. What is the tens digit of s?
9
Let n = 7 + -7. Suppose 0 = -3*g - n + 30. What is the units digit of 3 + (3 - g/2)?
1
Suppose -11469 = -18*h + 30525. What is the tens digit of h?
3
Let l be (-2 - 0) + (-2 - -16). Suppose l = -6*u + 2*u. Let c(m) = -2*m - 4. What is the units digit of c(u)?
2
Let u(b) = 6*b - 49*b**2 - 6 + 48*b**2 + 8*b. What is the units digit of u(12)?
8
Let b(d) = -2*d**3 - 8*d**2 - 9*d - 17. What is the units digit of b(-8)?
7
Let l(y) = -y**3 - 7*y**2 - 4*y - 9. Let v be l(-7). Let k = v + -8. Let b = -4 + k. What is the units digit of b?
7
Let p(t) = 1042*t - 1. What is the thousands digit of p(1)?
1
Let j be 0/(0/2 + 1). Let x(p) = -4*p + 41. What is the tens digit of x(j)?
4
Suppose 0 = 9*o - 5190 - 1497. What is the units digit of o?
3
Let h(z) = -z**3 + 31*z**2 + 7*z + 11. What is the hundreds digit of h(31)?
2
Suppose 3*g + 132 = -0. Let y = 113 + g. What is the tens digit of y?
6
Suppose 0*m - 2*m = -894. What is the units digit of m?
7
Suppose -4*g - 3 = -5*g. Suppose -g*k - 23 = -176. What is the tens digit of k?
5
Let f(r) = r**3 + 24*r**2 + 10*r - 27. What is the thousands digit of f(-21)?
1
Let u(y) = y**2 - 10*y - 9. Let j be u(-6). Suppose 0*p = -4*k + 3*p + 348, k = p + j. What is the tens digit of k?
8
Let b = 27 + -51. What is the hundreds digit of (b/20)/(3/(-310))?
1
What is the tens digit of 316 - -1 - (-8 + 13)?
1
Let p = 6 - 3. Suppose -n + 5*x = -p*n + 234, -4*x = 2*n - 236. What is the hundreds digit of n?
1
Let f be (-1 - (4 + -2)) + (-1 - -7). Suppose 0 = -3*q + f*g + 394 + 275, 0 = -5*g + 5. What is the units digit of q?
4
Let r(c) = -96*c + 111. What is the tens digit of r(-13)?
5
Suppose 9*m = 10*m - 1. What is the units digit of ((-3)/(-9))/(m/477)?
9
Suppose -l - a - 5 = -477, 6 = -2*a. What is the tens digit of l?
7
Let c(j) = 10*j + 18 + 3*j + 3*j**2 - 11*j**2 + 7*j**2. What is the units digit of c(9)?
4
Let p be (1/(-2))/((-1)/16). Let f be 2/(4/2)*(1 - 3). What is the units digit of (p/24)/(f/(-12))?
2
Let j(i) = -1774*i**3 + 2*i**2 + 5*i + 3. What is the thousands digit of j(-1)?
1
Let m(y) = -y**2 - 10*y + 10. Let c be m(-9). Suppose -3 - c = -p. Let j = 37 - p. What is the tens digit of j?
1
Let v(l) = -657*l**3 - 2*l**2 - l + 1. What is the units digit of v(-1)?
7
Let p be -1*((0 - 4) + 17). Let m = p - -3. What is the units digit of (-90)/m - (2 + 0)?
7
Suppose 4 = c, -4*h - c + 5*c - 288 = 0. Let m = 190 - h. What is the tens digit of m?
5
Suppose 9*n - 270 = 3*n. Suppose -48*g = -n*g - 30. What is the units digit of g?
0
Suppos